118. Let k = p + q. Calculate the greatest common divisor of k and 13.
13
Let n be 75 + 0*(-3)/(-15). Suppose 4*w - 3*z - 2*z - 35 = 0, 0 = -5*w + 2*z + 65. Calculate the greatest common factor of w and n.
15
Let w = 103 + -48. Let c = w - 39. Calculate the greatest common divisor of c and 24.
8
Suppose -25*b + 26*b - 104 = 0. Calculate the highest common factor of b and 26.
26
Suppose -4*x - 5 = -v + 5, -5*x = 5. Suppose -3*g = v*a - a - 54, -5*a = -5*g - 70. What is the highest common divisor of 18 and a?
6
Let f(r) be the third derivative of r**6/120 + r**5/12 - r**4/3 - 2*r**3/3 + 6*r**2. Let g be f(-5). What is the greatest common divisor of g and 12?
12
Suppose 330 = 7*w + 113. Calculate the greatest common factor of w and 1457.
31
Let o be 63/(-12)*-2*2. Let u(y) = -3 + 11*y - 18*y + 12*y. Let v be u(2). What is the highest common divisor of o and v?
7
Let t(y) = 62*y + 70. Let k be t(-1). Let v be (256/(-20))/((-1)/5). What is the highest common factor of k and v?
8
Suppose 0 = -24*y + 19*y + 180. Suppose -13*j - y = -19*j. What is the greatest common divisor of 15 and j?
3
Let v = -75 + 257. Suppose 4*k - v = 34. Calculate the highest common divisor of 81 and k.
27
Let o(v) = -v**3 + 24*v**2 + 29*v - 58. Let f be o(25). Calculate the highest common factor of 14 and f.
14
Let l = 0 + -84. Let t = -44 - l. What is the greatest common factor of 5 and t?
5
Let w be -35*20/(-70)*6/10. Let s be 2/(0 + (-4)/(-18)). Calculate the greatest common divisor of s and w.
3
Let c = -33 - -38. Let n = 17 - c. What is the greatest common factor of n and 4?
4
Suppose -2*n + 180 = -0*n. What is the highest common factor of 150 and n?
30
Let u(i) = i**3 + i**2 - 11*i + 8. Let k(d) = d**3 - 11*d + 9. Let g(p) = 4*k(p) - 3*u(p). Let m be g(5). What is the highest common factor of 7 and m?
7
Let a be -3*(-7)/(21/145). Calculate the highest common divisor of a and 29.
29
Let z(l) = l + 12. Let f be z(-5). Suppose -f*o = -4*o - 3. Let a be (-22 + 2)*(o + -3). Calculate the greatest common factor of 60 and a.
20
Let p = 1649 + -1038. Calculate the greatest common factor of p and 47.
47
Suppose 12*v - 544 - 584 = 0. Calculate the greatest common divisor of 235 and v.
47
Let b(w) = -w + 4. Let f(g) = -1. Let a(i) = 3*b(i) + 12*f(i). Let d be a(-2). Suppose 0 = -4*y + 6 + d. What is the greatest common divisor of 3 and y?
3
Suppose -53*z + 81*z - 49*z + 714 = 0. Let m be (2/4)/((-3)/(-12)). Calculate the highest common divisor of m and z.
2
Suppose 5*u - 322 = w - 5*w, -226 = -3*w + 4*u. Let b = 124 - w. What is the highest common factor of b and 69?
23
Let i = -4 - 17. Let c be i + 17 + ((-1)/1 - -38). Calculate the highest common factor of c and 11.
11
Suppose 11*o = 3*g + 8*o - 672, -4*g = -3*o - 896. Calculate the highest common divisor of g and 168.
56
Let g be (-32)/(-6)*231/22. Suppose 4*h + g = y, -2*h = -5*y + h + 297. Suppose -4*s = -149 + 53. Calculate the greatest common divisor of y and s.
12
Let j(q) = -2*q**3 + 10*q**2 + 58*q - 266. Let r be j(6). Let f = 32 - 22. Calculate the greatest common factor of r and f.
10
Let g(c) = 4*c**2 - 9*c + 588. Let s be g(0). Calculate the greatest common divisor of 63 and s.
21
Let q = 6 - 4. Let d = -151 + 279. Suppose -4*o + q*n + d = -3*n, -4*o + 3*n + 120 = 0. What is the highest common factor of o and 3?
3
Suppose -135 = -3*n - 123. Suppose 42 = n*u - u. What is the highest common divisor of u and 126?
14
Suppose 5*n + 9 = -3*y, 3*n = -n - 3*y - 9. Let l = -2 - n. Let p(m) = -22*m + 4. Let s be p(l). What is the greatest common factor of s and 16?
16
Let m = 349 + 83. What is the greatest common factor of m and 324?
108
Let w(v) = -v**2 + 5*v + 6. Let z be w(6). Suppose z = -33*y + 30*y + 63. What is the highest common divisor of y and 21?
21
Let n(t) = -6 - 22*t - 11 + 11. Let k be n(-4). Let m = 151 - k. What is the highest common divisor of m and 23?
23
Suppose -1487 = -9*s - 434. What is the highest common factor of 27 and s?
9
Let h = 131 + -103. Suppose -92 = -5*u - 3*l, l = -u - 2*l + h. Calculate the highest common divisor of 128 and u.
16
Let c(d) = -d**3 + 7*d**2 + 13*d - 7. Let x be c(8). Calculate the greatest common divisor of x and 2673.
33
Let x be 3/(12/(-10))*-2. Suppose 0 = 5*l + 2*l + 448. Let o = l - -74. Calculate the highest common factor of o and x.
5
Suppose 3*y - 7*y + 12 = 0. Let u be 34/y*(-12)/(-8). Let s be (-954)/(-8) - 2/8. What is the greatest common divisor of s and u?
17
Suppose 0*a + 2*a + y = 365, -2*y = -3*a + 558. What is the greatest common divisor of 8 and a?
8
Suppose r - 4*z = 20 + 12, 0 = -z - 4. What is the highest common divisor of r and 776?
8
Let j be (-39)/(-2)*1372/21. Suppose 14*u = u + j. Suppose 56 = -3*z + 7*z. What is the greatest common divisor of z and u?
14
Let k = 1256 - 592. Calculate the greatest common factor of k and 83.
83
Let u be -1 - ((-1790)/(-20))/((-2)/8). Suppose 2 = 3*r - 4*h, -6*r + 10 = -3*r - 2*h. Suppose -j + u = r*j. What is the highest common divisor of 17 and j?
17
Let r be (-31)/(-3) + 2 - 12/(-18). Calculate the greatest common factor of 1001 and r.
13
Let v be 1 + 4 - (0 - (5 - 3)). Calculate the greatest common factor of v and 14.
7
Let h = 229 - 936. Let n be (-2)/3 - h/21. Calculate the greatest common factor of 165 and n.
33
Suppose u = 2*q + 4*u - 17, -2*u + 22 = 4*q. Calculate the greatest common divisor of 5 and q.
1
Let d be 1/(-3 - 38/(-12)). Let w(x) = -14*x + 261. Let g be w(18). What is the highest common divisor of d and g?
3
Let q be (2 + 8)*(3 - 7 - -5). What is the highest common divisor of q and 1270?
10
Let v(c) = -c**3 - 5*c**2 - 6*c + 2. Suppose 3*b = -10 - 8. Let o be v(b). What is the greatest common factor of 185 and o?
37
Suppose -5*y + 39 = -16. Suppose i = -z - 0*i + 24, 4*z + i = 90. Calculate the greatest common divisor of z and y.
11
Let w = -520 - -1070. Calculate the highest common factor of w and 100.
50
Let d(v) = v**2 - 2*v - 18. Let a be d(-3). Let q be 3 + 33*(-1)/a. Calculate the highest common factor of q and 28.
14
Suppose 3*j + 2*w = 26, -j - 44 = -3*j + 4*w. What is the greatest common divisor of 9 and j?
3
Suppose 2*z - 4*a = 272, 4*z + 2*a = 733 - 179. Calculate the highest common factor of z and 92.
46
Suppose -8*w + 10 = 82. Let k be 8/(-3 - (-2 - w/(-6))). Calculate the greatest common divisor of 4 and k.
4
Let b be 8/6*(13 - 1). Suppose -5*d - 3*n = -157, d - 10*n - 29 = -13*n. What is the greatest common factor of d and b?
16
Let p be ((-12)/(-8))/(3/12). Suppose -2*w + 17 + 589 = 5*r, 2*w - p = 0. What is the greatest common factor of 15 and r?
15
Let c be 64/24 - 2/(-6). Suppose n = c*n - 40. Let v = n - 10. What is the greatest common divisor of v and 5?
5
Suppose -9*j = -65 - 151. Calculate the highest common divisor of j and 192.
24
Let b(g) = 19*g + 2 - 18*g + 5. Let m be b(-3). Calculate the highest common divisor of 28 and m.
4
Let i be (46 - 10) + -5 + 5. Let r(w) = -w**2 - 11*w - 6. Let o be 10*(6/(-4) + 1). Let a be r(o). Calculate the greatest common divisor of a and i.
12
Let h be 2 - (2 - 30/6). Suppose -2*t - 3*k = -40, h*t + 4*k - 89 = 2*k. Let o = -200 + 319. Calculate the highest common divisor of o and t.
17
Suppose -27*l - 60 = -735. Let y be (-43)/(-9) + (-6)/(-27). Calculate the greatest common divisor of y and l.
5
Let x = -176 + 306. What is the highest common factor of x and 26?
26
Suppose 3*l = 2*g + 77, -3*l + 71 = g + 3*g. Let m = l + -18. What is the highest common factor of 7 and m?
7
Let r(o) = -o**3 + 11*o**2 + 25*o + 27. Let k be r(13). What is the highest common divisor of 28 and k?
14
Let c = 8 + 6. Suppose 4*m - 8 = 4*i, 3*m + 6 - 2 = i. Let f be 4/6 + (-376)/m. What is the highest common divisor of c and f?
14
Suppose 4*t - 849 = -b, 3*t - 2*b = 38 + 596. What is the greatest common divisor of t and 53?
53
Suppose 3*i + 167 = 5*f, 0 = 4*i + 11 + 5. What is the highest common divisor of f and 2?
1
Suppose 253*v = 251*v + 128. Calculate the greatest common divisor of 64 and v.
64
Suppose -4*x = 4*y - 324, 423 = 3*y + 2*y - x. Let n be -2*(3 - (-33)/(-6)). Let f(o) = 2*o + 2. Let j be f(n). What is the highest common factor of j and y?
12
Suppose 12 = 7*h + 341. Let q = h + 185. Calculate the greatest common factor of q and 23.
23
Suppose 3*l 